{"id":107,"date":"2014-12-09T22:32:45","date_gmt":"2014-12-09T20:32:45","guid":{"rendered":"http:\/\/www.manigoo.com\/events\/?page_id=107"},"modified":"2015-04-05T19:11:01","modified_gmt":"2015-04-05T17:11:01","slug":"hosts-hostessen","status":"publish","type":"page","link":"https:\/\/www.manigoo.com\/events\/hosts-hostessen\/","title":{"rendered":"Hosts \/ Hostessen"},"content":{"rendered":"[vc_row][vc_column width=&#8220;1\/1&#8243;][vc_single_image border_color=&#8220;grey&#8220; img_link_target=&#8220;_self&#8220; image=&#8220;49&#8243; alignment=&#8220;none&#8220;]<div class=\"vcex-spacing wpex-w-100 wpex-clear\" style=\"height:30px;\"><\/div><div class=\"vcex-module vcex-divider vcex-divider-solid vcex-divider-center wpex-mx-auto wpex-block wpex-h-0 wpex-border-b wpex-border-solid wpex-border-main\"><\/div>[\/vc_column][\/vc_row][vc_row][vc_column width=&#8220;1\/1&#8243;][vc_column_text]\n<p style=\"text-align: center;\"><strong><span style=\"font-family: Raleway; font-size: 14px;\">Events mit Pers\u00f6nlichkeit<\/span><\/strong><\/p>\n[\/vc_column_text][\/vc_column][\/vc_row][vc_row][vc_column width=&#8220;1\/2&#8243;][vc_column_text]<span style=\"font-family: Raleway; font-size: 14px;\">Ihr Event soll Ihre pers\u00f6nliche Handschrift tragen. Bei uns k\u00f6nnen Sie in einem gro\u00dfen Pool attraktive Pers\u00f6nlichkeiten finden, die Ihren Vorstellungen entsprechen.<\/span>[\/vc_column_text][\/vc_column][vc_column width=&#8220;1\/2&#8243;][vc_column_text]<span style=\"font-family: Raleway; font-size: 14px;\">In einem individuellen Casting stellen wir Ihr Team gemeinsam zusammen. So k\u00f6nnen Sie sicher sein, dass unsere Hosts und Hostessen zu Ihnen, Ihren Kunden und G\u00e4sten passen.<\/span>[\/vc_column_text][\/vc_column][\/vc_row][vc_row][vc_column width=&#8220;1\/2&#8243;][vc_single_image image=&#8220;177&#8243; border_color=&#8220;grey&#8220; img_link_target=&#8220;_self&#8220; alignment=&#8220;none&#8220; img_filter=&#8220;grayscale&#8220;][vc_column_text][\/vc_column][vc_column width=&#8220;1\/2&#8243;][vc_single_image image=&#8220;178&#8243; border_color=&#8220;grey&#8220; img_link_target=&#8220;_self&#8220; alignment=&#8220;none&#8220; img_filter=&#8220;grayscale&#8220;][vc_column_text][\/vc_column][\/vc_row][vc_row][vc_column width=&#8220;1\/1&#8243;][\/vc_column][\/vc_row][vc_row][vc_column width=&#8220;1\/1&#8243;][\/vc_column][\/vc_row][vc_row][vc_column width=&#8220;1\/1&#8243;][\/vc_column][\/vc_row][vc_row][vc_column width=&#8220;1\/1&#8243;][\/vc_column][\/vc_row]\n","protected":false},"excerpt":{"rendered":"<p>[vc_row][vc_column width=&#8220;1\/1&#8243;][vc_single_image border_color=&#8220;grey&#8220; img_link_target=&#8220;_self&#8220; image=&#8220;49&#8243; alignment=&#8220;none&#8220;][\/vc_column][\/vc_row][vc_row][vc_column width=&#8220;1\/1&#8243;][vc_column_text] Events mit Pers\u00f6nlichkeit [\/vc_column_text][\/vc_column][\/vc_row][vc_row][vc_column width=&#8220;1\/2&#8243;][vc_column_text]Ihr Event soll Ihre pers\u00f6nliche Handschrift tragen. Bei uns k\u00f6nnen Sie in einem gro\u00dfen Pool attraktive Pers\u00f6nlichkeiten finden, die Ihren Vorstellungen entsprechen.[\/vc_column_text][\/vc_column][vc_column width=&#8220;1\/2&#8243;][vc_column_text]In einem individuellen Casting stellen wir Ihr Team gemeinsam zusammen. So k\u00f6nnen Sie sicher sein, dass unsere Hosts und Hostessen zu Ihnen,&hellip;<\/p>\n","protected":false},"author":2,"featured_media":49,"parent":0,"menu_order":0,"comment_status":"closed","ping_status":"closed","template":"","meta":{"footnotes":""},"class_list":["post-107","page","type-page","status-publish","has-post-thumbnail","hentry","entry","has-media"],"yoast_head":"<!-- This site is optimized with the Yoast SEO plugin v27.4 - https:\/\/yoast.com\/product\/yoast-seo-wordpress\/ -->\n<title>Hosts \/ Hostessen - manigoo events<\/title>\n<meta name=\"robots\" content=\"index, follow, max-snippet:-1, max-image-preview:large, max-video-preview:-1\" \/>\n<link rel=\"canonical\" href=\"https:\/\/www.manigoo.com\/events\/hosts-hostessen\/\" \/>\n<meta property=\"og:locale\" content=\"de_DE\" \/>\n<meta property=\"og:type\" content=\"article\" \/>\n<meta property=\"og:title\" content=\"Hosts \/ Hostessen - manigoo events\" \/>\n<meta property=\"og:description\" content=\"[vc_row][vc_column width=&#8220;1\/1&#8243;][vc_single_image border_color=&#8220;grey&#8220; img_link_target=&#8220;_self&#8220; image=&#8220;49&#8243; alignment=&#8220;none&#8220;][\/vc_column][\/vc_row][vc_row][vc_column width=&#8220;1\/1&#8243;][vc_column_text] Events mit Pers\u00f6nlichkeit [\/vc_column_text][\/vc_column][\/vc_row][vc_row][vc_column width=&#8220;1\/2&#8243;][vc_column_text]Ihr Event soll Ihre pers\u00f6nliche Handschrift tragen. Bei uns k\u00f6nnen Sie in einem gro\u00dfen Pool attraktive Pers\u00f6nlichkeiten finden, die Ihren Vorstellungen entsprechen.[\/vc_column_text][\/vc_column][vc_column width=&#8220;1\/2&#8243;][vc_column_text]In einem individuellen Casting stellen wir Ihr Team gemeinsam zusammen. So k\u00f6nnen Sie sicher sein, dass unsere Hosts und Hostessen zu Ihnen,&hellip;\" \/>\n<meta property=\"og:url\" content=\"https:\/\/www.manigoo.com\/events\/hosts-hostessen\/\" \/>\n<meta property=\"og:site_name\" content=\"manigoo events\" \/>\n<meta property=\"article:modified_time\" content=\"2015-04-05T17:11:01+00:00\" \/>\n<meta property=\"og:image\" content=\"https:\/\/www.manigoo.com\/events\/wp-content\/uploads\/sites\/3\/2014\/11\/Geldermann_Alte_Oper_22092014_01.jpeg.jpg\" \/>\n\t<meta property=\"og:image:width\" content=\"1000\" \/>\n\t<meta property=\"og:image:height\" content=\"713\" \/>\n\t<meta property=\"og:image:type\" content=\"image\/jpeg\" \/>\n<meta name=\"twitter:card\" content=\"summary_large_image\" \/>\n<meta name=\"twitter:label1\" content=\"Gesch\u00e4tzte Lesezeit\" \/>\n\t<meta name=\"twitter:data1\" content=\"1\u00a0Minute\" \/>\n<script type=\"application\/ld+json\" class=\"yoast-schema-graph\">{\"@context\":\"https:\\\/\\\/schema.org\",\"@graph\":[{\"@type\":\"WebPage\",\"@id\":\"https:\\\/\\\/www.manigoo.com\\\/events\\\/hosts-hostessen\\\/\",\"url\":\"https:\\\/\\\/www.manigoo.com\\\/events\\\/hosts-hostessen\\\/\",\"name\":\"Hosts \\\/ Hostessen - manigoo events\",\"isPartOf\":{\"@id\":\"https:\\\/\\\/www.manigoo.com\\\/events\\\/#website\"},\"primaryImageOfPage\":{\"@id\":\"https:\\\/\\\/www.manigoo.com\\\/events\\\/hosts-hostessen\\\/#primaryimage\"},\"image\":{\"@id\":\"https:\\\/\\\/www.manigoo.com\\\/events\\\/hosts-hostessen\\\/#primaryimage\"},\"thumbnailUrl\":\"https:\\\/\\\/www.manigoo.com\\\/events\\\/wp-content\\\/uploads\\\/sites\\\/3\\\/2014\\\/11\\\/Geldermann_Alte_Oper_22092014_01.jpeg.jpg\",\"datePublished\":\"2014-12-09T20:32:45+00:00\",\"dateModified\":\"2015-04-05T17:11:01+00:00\",\"breadcrumb\":{\"@id\":\"https:\\\/\\\/www.manigoo.com\\\/events\\\/hosts-hostessen\\\/#breadcrumb\"},\"inLanguage\":\"de\",\"potentialAction\":[{\"@type\":\"ReadAction\",\"target\":[\"https:\\\/\\\/www.manigoo.com\\\/events\\\/hosts-hostessen\\\/\"]}]},{\"@type\":\"ImageObject\",\"inLanguage\":\"de\",\"@id\":\"https:\\\/\\\/www.manigoo.com\\\/events\\\/hosts-hostessen\\\/#primaryimage\",\"url\":\"https:\\\/\\\/www.manigoo.com\\\/events\\\/wp-content\\\/uploads\\\/sites\\\/3\\\/2014\\\/11\\\/Geldermann_Alte_Oper_22092014_01.jpeg.jpg\",\"contentUrl\":\"https:\\\/\\\/www.manigoo.com\\\/events\\\/wp-content\\\/uploads\\\/sites\\\/3\\\/2014\\\/11\\\/Geldermann_Alte_Oper_22092014_01.jpeg.jpg\",\"width\":1000,\"height\":713},{\"@type\":\"BreadcrumbList\",\"@id\":\"https:\\\/\\\/www.manigoo.com\\\/events\\\/hosts-hostessen\\\/#breadcrumb\",\"itemListElement\":[{\"@type\":\"ListItem\",\"position\":1,\"name\":\"Startseite\",\"item\":\"https:\\\/\\\/www.manigoo.com\\\/events\\\/\"},{\"@type\":\"ListItem\",\"position\":2,\"name\":\"Hosts \\\/ Hostessen\"}]},{\"@type\":\"WebSite\",\"@id\":\"https:\\\/\\\/www.manigoo.com\\\/events\\\/#website\",\"url\":\"https:\\\/\\\/www.manigoo.com\\\/events\\\/\",\"name\":\"MANIGOO Events\",\"description\":\"Events, Fashion Shows &amp; Event Professionals\",\"publisher\":{\"@id\":\"https:\\\/\\\/www.manigoo.com\\\/events\\\/#organization\"},\"alternateName\":\"MANIGOO\",\"potentialAction\":[{\"@type\":\"SearchAction\",\"target\":{\"@type\":\"EntryPoint\",\"urlTemplate\":\"https:\\\/\\\/www.manigoo.com\\\/events\\\/?s={search_term_string}\"},\"query-input\":{\"@type\":\"PropertyValueSpecification\",\"valueRequired\":true,\"valueName\":\"search_term_string\"}}],\"inLanguage\":\"de\"},{\"@type\":\"Organization\",\"@id\":\"https:\\\/\\\/www.manigoo.com\\\/events\\\/#organization\",\"name\":\"MANIGOO Events\",\"url\":\"https:\\\/\\\/www.manigoo.com\\\/events\\\/\",\"logo\":{\"@type\":\"ImageObject\",\"inLanguage\":\"de\",\"@id\":\"https:\\\/\\\/www.manigoo.com\\\/events\\\/#\\\/schema\\\/logo\\\/image\\\/\",\"url\":\"https:\\\/\\\/www.manigoo.com\\\/events\\\/wp-content\\\/uploads\\\/sites\\\/3\\\/2020\\\/07\\\/Logo_manigoo_2015_quadrat_kl.jpg\",\"contentUrl\":\"https:\\\/\\\/www.manigoo.com\\\/events\\\/wp-content\\\/uploads\\\/sites\\\/3\\\/2020\\\/07\\\/Logo_manigoo_2015_quadrat_kl.jpg\",\"width\":250,\"height\":250,\"caption\":\"MANIGOO Events\"},\"image\":{\"@id\":\"https:\\\/\\\/www.manigoo.com\\\/events\\\/#\\\/schema\\\/logo\\\/image\\\/\"}}]}<\/script>\n<!-- \/ Yoast SEO plugin. -->","yoast_head_json":{"title":"Hosts \/ Hostessen - manigoo events","robots":{"index":"index","follow":"follow","max-snippet":"max-snippet:-1","max-image-preview":"max-image-preview:large","max-video-preview":"max-video-preview:-1"},"canonical":"https:\/\/www.manigoo.com\/events\/hosts-hostessen\/","og_locale":"de_DE","og_type":"article","og_title":"Hosts \/ Hostessen - manigoo events","og_description":"[vc_row][vc_column width=&#8220;1\/1&#8243;][vc_single_image border_color=&#8220;grey&#8220; img_link_target=&#8220;_self&#8220; image=&#8220;49&#8243; alignment=&#8220;none&#8220;][\/vc_column][\/vc_row][vc_row][vc_column width=&#8220;1\/1&#8243;][vc_column_text] Events mit Pers\u00f6nlichkeit [\/vc_column_text][\/vc_column][\/vc_row][vc_row][vc_column width=&#8220;1\/2&#8243;][vc_column_text]Ihr Event soll Ihre pers\u00f6nliche Handschrift tragen. Bei uns k\u00f6nnen Sie in einem gro\u00dfen Pool attraktive Pers\u00f6nlichkeiten finden, die Ihren Vorstellungen entsprechen.[\/vc_column_text][\/vc_column][vc_column width=&#8220;1\/2&#8243;][vc_column_text]In einem individuellen Casting stellen wir Ihr Team gemeinsam zusammen. So k\u00f6nnen Sie sicher sein, dass unsere Hosts und Hostessen zu Ihnen,&hellip;","og_url":"https:\/\/www.manigoo.com\/events\/hosts-hostessen\/","og_site_name":"manigoo events","article_modified_time":"2015-04-05T17:11:01+00:00","og_image":[{"width":1000,"height":713,"url":"https:\/\/www.manigoo.com\/events\/wp-content\/uploads\/sites\/3\/2014\/11\/Geldermann_Alte_Oper_22092014_01.jpeg.jpg","type":"image\/jpeg"}],"twitter_card":"summary_large_image","twitter_misc":{"Gesch\u00e4tzte Lesezeit":"1\u00a0Minute"},"schema":{"@context":"https:\/\/schema.org","@graph":[{"@type":"WebPage","@id":"https:\/\/www.manigoo.com\/events\/hosts-hostessen\/","url":"https:\/\/www.manigoo.com\/events\/hosts-hostessen\/","name":"Hosts \/ Hostessen - manigoo events","isPartOf":{"@id":"https:\/\/www.manigoo.com\/events\/#website"},"primaryImageOfPage":{"@id":"https:\/\/www.manigoo.com\/events\/hosts-hostessen\/#primaryimage"},"image":{"@id":"https:\/\/www.manigoo.com\/events\/hosts-hostessen\/#primaryimage"},"thumbnailUrl":"https:\/\/www.manigoo.com\/events\/wp-content\/uploads\/sites\/3\/2014\/11\/Geldermann_Alte_Oper_22092014_01.jpeg.jpg","datePublished":"2014-12-09T20:32:45+00:00","dateModified":"2015-04-05T17:11:01+00:00","breadcrumb":{"@id":"https:\/\/www.manigoo.com\/events\/hosts-hostessen\/#breadcrumb"},"inLanguage":"de","potentialAction":[{"@type":"ReadAction","target":["https:\/\/www.manigoo.com\/events\/hosts-hostessen\/"]}]},{"@type":"ImageObject","inLanguage":"de","@id":"https:\/\/www.manigoo.com\/events\/hosts-hostessen\/#primaryimage","url":"https:\/\/www.manigoo.com\/events\/wp-content\/uploads\/sites\/3\/2014\/11\/Geldermann_Alte_Oper_22092014_01.jpeg.jpg","contentUrl":"https:\/\/www.manigoo.com\/events\/wp-content\/uploads\/sites\/3\/2014\/11\/Geldermann_Alte_Oper_22092014_01.jpeg.jpg","width":1000,"height":713},{"@type":"BreadcrumbList","@id":"https:\/\/www.manigoo.com\/events\/hosts-hostessen\/#breadcrumb","itemListElement":[{"@type":"ListItem","position":1,"name":"Startseite","item":"https:\/\/www.manigoo.com\/events\/"},{"@type":"ListItem","position":2,"name":"Hosts \/ Hostessen"}]},{"@type":"WebSite","@id":"https:\/\/www.manigoo.com\/events\/#website","url":"https:\/\/www.manigoo.com\/events\/","name":"MANIGOO Events","description":"Events, Fashion Shows &amp; Event Professionals","publisher":{"@id":"https:\/\/www.manigoo.com\/events\/#organization"},"alternateName":"MANIGOO","potentialAction":[{"@type":"SearchAction","target":{"@type":"EntryPoint","urlTemplate":"https:\/\/www.manigoo.com\/events\/?s={search_term_string}"},"query-input":{"@type":"PropertyValueSpecification","valueRequired":true,"valueName":"search_term_string"}}],"inLanguage":"de"},{"@type":"Organization","@id":"https:\/\/www.manigoo.com\/events\/#organization","name":"MANIGOO Events","url":"https:\/\/www.manigoo.com\/events\/","logo":{"@type":"ImageObject","inLanguage":"de","@id":"https:\/\/www.manigoo.com\/events\/#\/schema\/logo\/image\/","url":"https:\/\/www.manigoo.com\/events\/wp-content\/uploads\/sites\/3\/2020\/07\/Logo_manigoo_2015_quadrat_kl.jpg","contentUrl":"https:\/\/www.manigoo.com\/events\/wp-content\/uploads\/sites\/3\/2020\/07\/Logo_manigoo_2015_quadrat_kl.jpg","width":250,"height":250,"caption":"MANIGOO Events"},"image":{"@id":"https:\/\/www.manigoo.com\/events\/#\/schema\/logo\/image\/"}}]}},"_links":{"self":[{"href":"https:\/\/www.manigoo.com\/events\/wp-json\/wp\/v2\/pages\/107","targetHints":{"allow":["GET"]}}],"collection":[{"href":"https:\/\/www.manigoo.com\/events\/wp-json\/wp\/v2\/pages"}],"about":[{"href":"https:\/\/www.manigoo.com\/events\/wp-json\/wp\/v2\/types\/page"}],"author":[{"embeddable":true,"href":"https:\/\/www.manigoo.com\/events\/wp-json\/wp\/v2\/users\/2"}],"replies":[{"embeddable":true,"href":"https:\/\/www.manigoo.com\/events\/wp-json\/wp\/v2\/comments?post=107"}],"version-history":[{"count":5,"href":"https:\/\/www.manigoo.com\/events\/wp-json\/wp\/v2\/pages\/107\/revisions"}],"predecessor-version":[{"id":756,"href":"https:\/\/www.manigoo.com\/events\/wp-json\/wp\/v2\/pages\/107\/revisions\/756"}],"wp:featuredmedia":[{"embeddable":true,"href":"https:\/\/www.manigoo.com\/events\/wp-json\/wp\/v2\/media\/49"}],"wp:attachment":[{"href":"https:\/\/www.manigoo.com\/events\/wp-json\/wp\/v2\/media?parent=107"}],"curies":[{"name":"wp","href":"https:\/\/api.w.org\/{rel}","templated":true}]}}