{"id":1836,"date":"2018-04-04T15:50:28","date_gmt":"2018-04-04T13:50:28","guid":{"rendered":"http:\/\/www.manigoo.com\/events\/?page_id=1836"},"modified":"2023-01-30T21:21:36","modified_gmt":"2023-01-30T20:21:36","slug":"model-zirkus","status":"publish","type":"page","link":"https:\/\/www.manigoo.com\/events\/model-zirkus\/","title":{"rendered":"MODEL ZIRKUS"},"content":{"rendered":"[vc_row][vc_column][vc_single_image image=&#8220;2419&#8243;][vc_column_text]\n<h1><span style=\"font-family: Raleway;\">\u201eTanz in den Mai\u201c im Bootshaus Mannheim mit dem MODEL ZIRKUS by MANIGOO<\/span><\/h1>\n<p><span style=\"font-family: Raleway;\">P\u00fcnktlich zum Tanz in den Mai ist der MODEL ZIRKUS auch in diesem Jahr wieder in der Stadt. Ein Zirkus voller Style, Attitude und Au\u00dfergew\u00f6hnlichkeit. Extravagant wie seine G\u00e4ste, wird er dich in seinen Bann ziehen.<\/span><\/p>\n<p><span style=\"font-family: Raleway;\">Am Di 30.04.2019 \u00f6ffnet sich der Vorhang zum dritten Mal f\u00fcr den MODEL ZIRKUS by MANIGOO. Hier tanzen Feier-Artisten, Dance-Floor-Akrobaten mit Lifestyle-Dompteuren, Casting-Direktoren und Textil-Zauberern durch die Nacht.<\/span><\/p>\n<p><span style=\"font-family: Raleway;\">Zu den wundervollen Beats und Sounds der Zirkus-Direktoren DJ Paize &amp; DJ Moestwanted kannst du mit Mixed Music und somit der besten Auswahl aus aktuellen Tunes &amp; All Time Favorites in den Mai rocken.<\/span><\/p>\n<p><span style=\"font-family: Raleway;\">Zudem pr\u00e4sentieren dir um 22:30 Uhr bekannte, regionale Influencer, Models &amp; Sportler die neusten Trends auf unserer Model Zirkus Fashion Show! Mit dabei sind u.a. : <a href=\"https:\/\/www.7aygan.de\/\" target=\"_blank\" rel=\"noopener\">7aygan Outfitter<\/a>, <a href=\"https:\/\/www.von-lennox.de\/\" target=\"_blank\" rel=\"noopener\">Von Lennox<\/a> <a href=\"https:\/\/cafesolo-design.com\/\" target=\"_blank\" rel=\"noopener\">Caf\u00e9 Solo<\/a>\u00a0<a href=\"https:\/\/www.blume-exclusiv.de\/\" target=\"_blank\" rel=\"noopener\">Blume Exclusiv<\/a><\/span><\/p>\n<p><span style=\"font-family: Raleway;\">Als weiteres Special ist Henning Mielke, Director Influencer &amp; Talent Management von Pro7Sat1 mit vor Ort und h\u00e4lt nach neuen Talenten Ausschau.<\/span><\/p>\n<p><span style=\"font-family: Raleway;\">Es wird also spektakul\u00e4r. Die hei\u00df ersehnten Eintrittskarten zum Preis von 10 \u20ac erh\u00e4ltst du ab Mo 25.03. an folgenden Vorverkaufsstellen:<\/span><\/p>\n<p><span style=\"font-family: Raleway;\">&#8211; <a href=\"https:\/\/www.bootshaus.net\/\" target=\"_blank\" rel=\"noopener\">Bootshaus<\/a> Restaurant Events MA, Hans-Reschke Ufer 3<\/span><br \/>\n<span style=\"font-family: Raleway;\">&#8211; <a href=\"https:\/\/www.7aygan.de\/\" target=\"_blank\" rel=\"noopener\">7aygan<\/a> Outfitter, Q6\/Q7<\/span><br \/>\n<span style=\"font-family: Raleway;\">&#8211; Online (zzgl. Servicegeb\u00fchr) \u00fcber <a href=\"https:\/\/www.eventbrite.de\/e\/tanz-in-den-mai-im-bootshaus-mannheim-mit-dem-model-zirkus-by-manigoo-tickets-58436972558\">Eventbrite<\/a><\/span><\/p>\n<p><span style=\"font-family: Raleway;\">\u00b7\u00b7\u00b7 MAN\u00c8GE FREI \u00b7\u00b7\u00b7<\/span><\/p>\n<p><span style=\"font-family: Raleway;\">Datum: Tanz in den Mai &#8211; Dienstag, 30. April 2019<\/span><br \/>\n<span style=\"font-family: Raleway;\">Einlass: 21:30 Uhr (ab 18 Jahren)<\/span><br \/>\n<span style=\"font-family: Raleway;\">Special: 22:30 Uhr &#8211; Fashion Show<\/span><br \/>\n<span style=\"font-family: Raleway;\">Eintritt: VVK 10 \u20ac<\/span><br \/>\n<span style=\"font-family: Raleway;\">VVK im Bootshaus Mannheim, 7aygan (Q6\/Q7)<br \/>\n<\/span><span style=\"font-family: Raleway;\">DJ: <a href=\"https:\/\/paize.de\/\" target=\"_blank\" rel=\"noopener\">DJ Paize<\/a> &amp;\u00a0<\/span><span style=\"font-family: Raleway;\"><a href=\"https:\/\/www.moestwanted.com\/\" target=\"_blank\" rel=\"noopener\">DJ Moestwanted<\/a> (Mixed Music, Black, House &amp; Classic Sounds)<\/span><br \/>\n<span style=\"font-family: Raleway;\">Dresscode: Show us your Style<\/span>[\/vc_column_text][\/vc_column][\/vc_row][vc_row][vc_column][vc_btn title=&#8220;Get Your Ticket&#8220; style=&#8220;outline&#8220; link=&#8220;url:https%3A%2F%2Fwww.eventbrite.de%2Fe%2Ftanz-in-den-mai-im-bootshaus-mannheim-mit-dem-model-zirkus-by-manigoo-tickets-58436972558%3Faff%3Derelexpmlt||target:%20_blank|&#8220;][\/vc_column][\/vc_row]\n","protected":false},"excerpt":{"rendered":"<p>[vc_row][vc_column][vc_single_image image=&#8220;2419&#8243;][vc_column_text] \u201eTanz in den Mai\u201c im Bootshaus Mannheim mit dem MODEL ZIRKUS by MANIGOO P\u00fcnktlich zum Tanz in den Mai ist der MODEL ZIRKUS auch in diesem Jahr wieder in der Stadt. Ein Zirkus voller Style, Attitude und Au\u00dfergew\u00f6hnlichkeit. Extravagant wie seine G\u00e4ste, wird er dich in seinen Bann ziehen. Am Di 30.04.2019 \u00f6ffnet&hellip;<\/p>\n","protected":false},"author":3,"featured_media":0,"parent":0,"menu_order":0,"comment_status":"closed","ping_status":"closed","template":"","meta":{"footnotes":""},"class_list":["post-1836","page","type-page","status-publish","hentry","entry","no-media"],"yoast_head":"<!-- This site is optimized with the Yoast SEO plugin v27.4 - https:\/\/yoast.com\/product\/yoast-seo-wordpress\/ -->\n<title>MODEL ZIRKUS - manigoo events<\/title>\n<meta name=\"description\" content=\"Coolstes Fashion &amp; Lifestyle Event deiner Stadt.\" \/>\n<meta name=\"robots\" content=\"index, follow, max-snippet:-1, max-image-preview:large, max-video-preview:-1\" \/>\n<link rel=\"canonical\" href=\"https:\/\/www.manigoo.com\/events\/model-zirkus\/\" \/>\n<meta property=\"og:locale\" content=\"de_DE\" \/>\n<meta property=\"og:type\" content=\"article\" \/>\n<meta property=\"og:title\" content=\"MODEL ZIRKUS - manigoo events\" \/>\n<meta property=\"og:description\" content=\"Coolstes Fashion &amp; Lifestyle Event deiner Stadt.\" \/>\n<meta property=\"og:url\" content=\"https:\/\/www.manigoo.com\/events\/model-zirkus\/\" \/>\n<meta property=\"og:site_name\" content=\"manigoo events\" \/>\n<meta property=\"article:modified_time\" content=\"2023-01-30T20:21:36+00:00\" \/>\n<meta name=\"twitter:card\" content=\"summary_large_image\" \/>\n<meta name=\"twitter:label1\" content=\"Gesch\u00e4tzte Lesezeit\" \/>\n\t<meta name=\"twitter:data1\" content=\"2\u00a0Minuten\" \/>\n<script type=\"application\/ld+json\" class=\"yoast-schema-graph\">{\"@context\":\"https:\\\/\\\/schema.org\",\"@graph\":[{\"@type\":\"WebPage\",\"@id\":\"https:\\\/\\\/www.manigoo.com\\\/events\\\/model-zirkus\\\/\",\"url\":\"https:\\\/\\\/www.manigoo.com\\\/events\\\/model-zirkus\\\/\",\"name\":\"MODEL ZIRKUS - manigoo events\",\"isPartOf\":{\"@id\":\"https:\\\/\\\/www.manigoo.com\\\/events\\\/#website\"},\"datePublished\":\"2018-04-04T13:50:28+00:00\",\"dateModified\":\"2023-01-30T20:21:36+00:00\",\"description\":\"Coolstes Fashion & Lifestyle Event deiner Stadt.\",\"breadcrumb\":{\"@id\":\"https:\\\/\\\/www.manigoo.com\\\/events\\\/model-zirkus\\\/#breadcrumb\"},\"inLanguage\":\"de\",\"potentialAction\":[{\"@type\":\"ReadAction\",\"target\":[\"https:\\\/\\\/www.manigoo.com\\\/events\\\/model-zirkus\\\/\"]}]},{\"@type\":\"BreadcrumbList\",\"@id\":\"https:\\\/\\\/www.manigoo.com\\\/events\\\/model-zirkus\\\/#breadcrumb\",\"itemListElement\":[{\"@type\":\"ListItem\",\"position\":1,\"name\":\"Startseite\",\"item\":\"https:\\\/\\\/www.manigoo.com\\\/events\\\/\"},{\"@type\":\"ListItem\",\"position\":2,\"name\":\"MODEL ZIRKUS\"}]},{\"@type\":\"WebSite\",\"@id\":\"https:\\\/\\\/www.manigoo.com\\\/events\\\/#website\",\"url\":\"https:\\\/\\\/www.manigoo.com\\\/events\\\/\",\"name\":\"MANIGOO Events\",\"description\":\"Events, Fashion Shows &amp; Event Professionals\",\"publisher\":{\"@id\":\"https:\\\/\\\/www.manigoo.com\\\/events\\\/#organization\"},\"alternateName\":\"MANIGOO\",\"potentialAction\":[{\"@type\":\"SearchAction\",\"target\":{\"@type\":\"EntryPoint\",\"urlTemplate\":\"https:\\\/\\\/www.manigoo.com\\\/events\\\/?s={search_term_string}\"},\"query-input\":{\"@type\":\"PropertyValueSpecification\",\"valueRequired\":true,\"valueName\":\"search_term_string\"}}],\"inLanguage\":\"de\"},{\"@type\":\"Organization\",\"@id\":\"https:\\\/\\\/www.manigoo.com\\\/events\\\/#organization\",\"name\":\"MANIGOO Events\",\"url\":\"https:\\\/\\\/www.manigoo.com\\\/events\\\/\",\"logo\":{\"@type\":\"ImageObject\",\"inLanguage\":\"de\",\"@id\":\"https:\\\/\\\/www.manigoo.com\\\/events\\\/#\\\/schema\\\/logo\\\/image\\\/\",\"url\":\"https:\\\/\\\/www.manigoo.com\\\/events\\\/wp-content\\\/uploads\\\/sites\\\/3\\\/2020\\\/07\\\/Logo_manigoo_2015_quadrat_kl.jpg\",\"contentUrl\":\"https:\\\/\\\/www.manigoo.com\\\/events\\\/wp-content\\\/uploads\\\/sites\\\/3\\\/2020\\\/07\\\/Logo_manigoo_2015_quadrat_kl.jpg\",\"width\":250,\"height\":250,\"caption\":\"MANIGOO Events\"},\"image\":{\"@id\":\"https:\\\/\\\/www.manigoo.com\\\/events\\\/#\\\/schema\\\/logo\\\/image\\\/\"}}]}<\/script>\n<!-- \/ Yoast SEO plugin. -->","yoast_head_json":{"title":"MODEL ZIRKUS - manigoo events","description":"Coolstes Fashion & Lifestyle Event deiner Stadt.","robots":{"index":"index","follow":"follow","max-snippet":"max-snippet:-1","max-image-preview":"max-image-preview:large","max-video-preview":"max-video-preview:-1"},"canonical":"https:\/\/www.manigoo.com\/events\/model-zirkus\/","og_locale":"de_DE","og_type":"article","og_title":"MODEL ZIRKUS - manigoo events","og_description":"Coolstes Fashion & Lifestyle Event deiner Stadt.","og_url":"https:\/\/www.manigoo.com\/events\/model-zirkus\/","og_site_name":"manigoo events","article_modified_time":"2023-01-30T20:21:36+00:00","twitter_card":"summary_large_image","twitter_misc":{"Gesch\u00e4tzte Lesezeit":"2\u00a0Minuten"},"schema":{"@context":"https:\/\/schema.org","@graph":[{"@type":"WebPage","@id":"https:\/\/www.manigoo.com\/events\/model-zirkus\/","url":"https:\/\/www.manigoo.com\/events\/model-zirkus\/","name":"MODEL ZIRKUS - manigoo events","isPartOf":{"@id":"https:\/\/www.manigoo.com\/events\/#website"},"datePublished":"2018-04-04T13:50:28+00:00","dateModified":"2023-01-30T20:21:36+00:00","description":"Coolstes Fashion & Lifestyle Event deiner Stadt.","breadcrumb":{"@id":"https:\/\/www.manigoo.com\/events\/model-zirkus\/#breadcrumb"},"inLanguage":"de","potentialAction":[{"@type":"ReadAction","target":["https:\/\/www.manigoo.com\/events\/model-zirkus\/"]}]},{"@type":"BreadcrumbList","@id":"https:\/\/www.manigoo.com\/events\/model-zirkus\/#breadcrumb","itemListElement":[{"@type":"ListItem","position":1,"name":"Startseite","item":"https:\/\/www.manigoo.com\/events\/"},{"@type":"ListItem","position":2,"name":"MODEL ZIRKUS"}]},{"@type":"WebSite","@id":"https:\/\/www.manigoo.com\/events\/#website","url":"https:\/\/www.manigoo.com\/events\/","name":"MANIGOO Events","description":"Events, Fashion Shows &amp; Event Professionals","publisher":{"@id":"https:\/\/www.manigoo.com\/events\/#organization"},"alternateName":"MANIGOO","potentialAction":[{"@type":"SearchAction","target":{"@type":"EntryPoint","urlTemplate":"https:\/\/www.manigoo.com\/events\/?s={search_term_string}"},"query-input":{"@type":"PropertyValueSpecification","valueRequired":true,"valueName":"search_term_string"}}],"inLanguage":"de"},{"@type":"Organization","@id":"https:\/\/www.manigoo.com\/events\/#organization","name":"MANIGOO Events","url":"https:\/\/www.manigoo.com\/events\/","logo":{"@type":"ImageObject","inLanguage":"de","@id":"https:\/\/www.manigoo.com\/events\/#\/schema\/logo\/image\/","url":"https:\/\/www.manigoo.com\/events\/wp-content\/uploads\/sites\/3\/2020\/07\/Logo_manigoo_2015_quadrat_kl.jpg","contentUrl":"https:\/\/www.manigoo.com\/events\/wp-content\/uploads\/sites\/3\/2020\/07\/Logo_manigoo_2015_quadrat_kl.jpg","width":250,"height":250,"caption":"MANIGOO Events"},"image":{"@id":"https:\/\/www.manigoo.com\/events\/#\/schema\/logo\/image\/"}}]}},"_links":{"self":[{"href":"https:\/\/www.manigoo.com\/events\/wp-json\/wp\/v2\/pages\/1836","targetHints":{"allow":["GET"]}}],"collection":[{"href":"https:\/\/www.manigoo.com\/events\/wp-json\/wp\/v2\/pages"}],"about":[{"href":"https:\/\/www.manigoo.com\/events\/wp-json\/wp\/v2\/types\/page"}],"author":[{"embeddable":true,"href":"https:\/\/www.manigoo.com\/events\/wp-json\/wp\/v2\/users\/3"}],"replies":[{"embeddable":true,"href":"https:\/\/www.manigoo.com\/events\/wp-json\/wp\/v2\/comments?post=1836"}],"version-history":[{"count":22,"href":"https:\/\/www.manigoo.com\/events\/wp-json\/wp\/v2\/pages\/1836\/revisions"}],"predecessor-version":[{"id":2425,"href":"https:\/\/www.manigoo.com\/events\/wp-json\/wp\/v2\/pages\/1836\/revisions\/2425"}],"wp:attachment":[{"href":"https:\/\/www.manigoo.com\/events\/wp-json\/wp\/v2\/media?parent=1836"}],"curies":[{"name":"wp","href":"https:\/\/api.w.org\/{rel}","templated":true}]}}