{"id":434,"date":"2015-03-23T11:57:34","date_gmt":"2015-03-23T09:57:34","guid":{"rendered":"http:\/\/www.manigoo.com\/events\/?page_id=434"},"modified":"2015-06-24T11:29:50","modified_gmt":"2015-06-24T09:29:50","slug":"taenzer","status":"publish","type":"page","link":"https:\/\/www.manigoo.com\/events\/taenzer\/","title":{"rendered":"T\u00e4nzer"},"content":{"rendered":"[vc_row full_width=&#8220;&#8220; parallax=&#8220;&#8220; parallax_image=&#8220;&#8220; visibility=&#8220;&#8220; css_animation=&#8220;&#8220; style=&#8220;&#8220; column_spacing=&#8220;&#8220; center_row=&#8220;&#8220; no_margins=&#8220;&#8220; tablet_fullwidth_cols=&#8220;&#8220; bg_style=&#8220;&#8220; parallax_style=&#8220;&#8220; parallax_direction=&#8220;&#8220; parallax_mobile=&#8220;&#8220; video_bg=&#8220;&#8220; video_bg_overlay=&#8220;&#8220; border_style=&#8220;&#8220;][vc_column width=&#8220;1\/1&#8243; style=&#8220;&#8220; visibility=&#8220;&#8220; css_animation=&#8220;&#8220; typo_style=&#8220;&#8220; drop_shadow=&#8220;&#8220; bg_style=&#8220;&#8220; border_style=&#8220;&#8220;]<div class=\"wpex-slider-preloaderimg wpex-relative\"><img width=\"1335\" height=\"1000\" src=\"https:\/\/www.manigoo.com\/events\/wp-content\/uploads\/sites\/3\/2015\/03\/D1A7251-copy.jpg\" class=\"skip-lazy\" alt=\"\" data-no-lazy=\"1\" srcset=\"https:\/\/www.manigoo.com\/events\/wp-content\/uploads\/sites\/3\/2015\/03\/D1A7251-copy.jpg 1335w, https:\/\/www.manigoo.com\/events\/wp-content\/uploads\/sites\/3\/2015\/03\/D1A7251-copy-300x225.jpg 300w, https:\/\/www.manigoo.com\/events\/wp-content\/uploads\/sites\/3\/2015\/03\/D1A7251-copy-1024x767.jpg 1024w\" sizes=\"(max-width: 1335px) 100vw, 1335px\" \/><\/div><div class=\"vcex-image-slider vcex-module wpex-slider slider-pro wpex-clr\" data-fade=\"true\"  data-loop=\"true\" data-auto-play-delay=\"5000\" data-arrows=\"false\" data-buttons=\"false\" data-fade-arrows=\"false\" data-animation-speed=\"1500\" data-height-animation-duration=\"500\" data-thumbnail-height=\"70\" data-thumbnail-width=\"70\"><div class=\"wpex-slider-slides sp-slides\"><div class=\"wpex-slider-slide sp-slide\"><div class=\"wpex-slider-media wpex-relative\"><img width=\"1335\" height=\"1000\" src=\"https:\/\/www.manigoo.com\/events\/wp-content\/uploads\/sites\/3\/2015\/03\/D1A7251-copy.jpg\" class=\"skip-lazy\" alt=\"\" data-no-lazy=\"1\" srcset=\"https:\/\/www.manigoo.com\/events\/wp-content\/uploads\/sites\/3\/2015\/03\/D1A7251-copy.jpg 1335w, https:\/\/www.manigoo.com\/events\/wp-content\/uploads\/sites\/3\/2015\/03\/D1A7251-copy-300x225.jpg 300w, https:\/\/www.manigoo.com\/events\/wp-content\/uploads\/sites\/3\/2015\/03\/D1A7251-copy-1024x767.jpg 1024w\" sizes=\"(max-width: 1335px) 100vw, 1335px\" \/><\/div><\/div><div class=\"wpex-slider-slide sp-slide\"><div class=\"wpex-slider-media wpex-relative\"><img width=\"1332\" height=\"1000\" src=\"https:\/\/www.manigoo.com\/events\/wp-content\/uploads\/sites\/3\/2015\/03\/D1A7078_new.jpg\" class=\"skip-lazy\" alt=\"\" data-no-lazy=\"1\" srcset=\"https:\/\/www.manigoo.com\/events\/wp-content\/uploads\/sites\/3\/2015\/03\/D1A7078_new.jpg 1332w, https:\/\/www.manigoo.com\/events\/wp-content\/uploads\/sites\/3\/2015\/03\/D1A7078_new-300x225.jpg 300w, https:\/\/www.manigoo.com\/events\/wp-content\/uploads\/sites\/3\/2015\/03\/D1A7078_new-1024x769.jpg 1024w\" sizes=\"(max-width: 1332px) 100vw, 1332px\" \/><\/div><\/div><div class=\"wpex-slider-slide sp-slide\"><div class=\"wpex-slider-media wpex-relative\"><img width=\"1331\" height=\"1000\" src=\"https:\/\/www.manigoo.com\/events\/wp-content\/uploads\/sites\/3\/2015\/03\/D1A6883.jpg\" class=\"skip-lazy\" alt=\"\" data-no-lazy=\"1\" srcset=\"https:\/\/www.manigoo.com\/events\/wp-content\/uploads\/sites\/3\/2015\/03\/D1A6883.jpg 1331w, https:\/\/www.manigoo.com\/events\/wp-content\/uploads\/sites\/3\/2015\/03\/D1A6883-300x225.jpg 300w, https:\/\/www.manigoo.com\/events\/wp-content\/uploads\/sites\/3\/2015\/03\/D1A6883-1024x769.jpg 1024w\" sizes=\"(max-width: 1331px) 100vw, 1331px\" \/><\/div><\/div><div class=\"wpex-slider-slide sp-slide\"><div class=\"wpex-slider-media wpex-relative\"><img width=\"1332\" height=\"1000\" src=\"https:\/\/www.manigoo.com\/events\/wp-content\/uploads\/sites\/3\/2015\/03\/D1A6787_1.jpg\" class=\"skip-lazy\" alt=\"\" data-no-lazy=\"1\" srcset=\"https:\/\/www.manigoo.com\/events\/wp-content\/uploads\/sites\/3\/2015\/03\/D1A6787_1.jpg 1332w, https:\/\/www.manigoo.com\/events\/wp-content\/uploads\/sites\/3\/2015\/03\/D1A6787_1-300x225.jpg 300w, https:\/\/www.manigoo.com\/events\/wp-content\/uploads\/sites\/3\/2015\/03\/D1A6787_1-1024x769.jpg 1024w\" sizes=\"(max-width: 1332px) 100vw, 1332px\" \/><\/div><\/div><div class=\"wpex-slider-slide sp-slide\"><div class=\"wpex-slider-media wpex-relative\"><img width=\"1333\" height=\"1000\" src=\"https:\/\/www.manigoo.com\/events\/wp-content\/uploads\/sites\/3\/2015\/03\/D1A7302.jpg\" class=\"skip-lazy\" alt=\"\" data-no-lazy=\"1\" srcset=\"https:\/\/www.manigoo.com\/events\/wp-content\/uploads\/sites\/3\/2015\/03\/D1A7302.jpg 1333w, https:\/\/www.manigoo.com\/events\/wp-content\/uploads\/sites\/3\/2015\/03\/D1A7302-300x225.jpg 300w, https:\/\/www.manigoo.com\/events\/wp-content\/uploads\/sites\/3\/2015\/03\/D1A7302-1024x768.jpg 1024w\" sizes=\"(max-width: 1333px) 100vw, 1333px\" \/><\/div><\/div><div class=\"wpex-slider-slide sp-slide\"><div class=\"wpex-slider-media wpex-relative\"><img width=\"1332\" height=\"1000\" src=\"https:\/\/www.manigoo.com\/events\/wp-content\/uploads\/sites\/3\/2015\/03\/D1A6988.jpg\" class=\"skip-lazy\" alt=\"\" data-no-lazy=\"1\" srcset=\"https:\/\/www.manigoo.com\/events\/wp-content\/uploads\/sites\/3\/2015\/03\/D1A6988.jpg 1332w, https:\/\/www.manigoo.com\/events\/wp-content\/uploads\/sites\/3\/2015\/03\/D1A6988-300x225.jpg 300w, https:\/\/www.manigoo.com\/events\/wp-content\/uploads\/sites\/3\/2015\/03\/D1A6988-1024x769.jpg 1024w\" sizes=\"(max-width: 1332px) 100vw, 1332px\" \/><\/div><\/div><div class=\"wpex-slider-slide sp-slide\"><div class=\"wpex-slider-media wpex-relative\"><img width=\"1333\" height=\"1000\" src=\"https:\/\/www.manigoo.com\/events\/wp-content\/uploads\/sites\/3\/2015\/03\/D1A7246.jpg\" class=\"skip-lazy\" alt=\"\" data-no-lazy=\"1\" srcset=\"https:\/\/www.manigoo.com\/events\/wp-content\/uploads\/sites\/3\/2015\/03\/D1A7246.jpg 1333w, https:\/\/www.manigoo.com\/events\/wp-content\/uploads\/sites\/3\/2015\/03\/D1A7246-300x225.jpg 300w, https:\/\/www.manigoo.com\/events\/wp-content\/uploads\/sites\/3\/2015\/03\/D1A7246-1024x768.jpg 1024w\" sizes=\"(max-width: 1333px) 100vw, 1333px\" \/><\/div><\/div><\/div><\/div><div class=\"vcex-spacing wpex-w-100 wpex-clear\" style=\"height:30px;\"><\/div>[vc_column_text css_animation=&#8220;&#8220;]\n<p style=\"text-align: center;\"><span style=\"font-family: Raleway; font-size: 14px;\"><strong>Events in Bewegung<\/strong><\/span><\/p>\n<p style=\"text-align: center;\"><span style=\"font-family: Raleway; font-size: 14px;\">\u00a0Tanz bringt Bewegung in Ihr Event. Denn die Bewegung unserer\u00a0T\u00e4nzer \u00fcbertr\u00e4gt sich auf die Stimmung Ihrer Kunden. So k\u00f6nnen Sie Ihrer Veranstaltung die Atmosph\u00e4re geben, die zu Ihrem Projekt und Ihrem Anlass passt.<\/span><\/p>\n[\/vc_column_text]<div class=\"vcex-spacing wpex-w-100 wpex-clear\" style=\"height:30px;\"><\/div><div class=\"vcex-module vcex-divider vcex-divider-solid vcex-divider-center wpex-mx-auto wpex-block wpex-h-0 wpex-border-b wpex-border-solid wpex-border-main\"><\/div>[\/vc_column][\/vc_row][vc_row full_width=&#8220;&#8220; parallax=&#8220;&#8220; parallax_image=&#8220;&#8220; visibility=&#8220;&#8220; css_animation=&#8220;&#8220; style=&#8220;&#8220; column_spacing=&#8220;&#8220; center_row=&#8220;&#8220; no_margins=&#8220;&#8220; tablet_fullwidth_cols=&#8220;&#8220; bg_style=&#8220;&#8220; parallax_style=&#8220;&#8220; parallax_direction=&#8220;&#8220; parallax_mobile=&#8220;&#8220; video_bg=&#8220;&#8220; video_bg_overlay=&#8220;&#8220; border_style=&#8220;&#8220;][vc_column width=&#8220;1\/2&#8243; style=&#8220;&#8220; visibility=&#8220;&#8220; css_animation=&#8220;&#8220; typo_style=&#8220;&#8220; drop_shadow=&#8220;&#8220; bg_style=&#8220;&#8220; border_style=&#8220;&#8220;]<div class=\"wpex-slider-preloaderimg wpex-relative\"><img width=\"1024\" height=\"682\" src=\"https:\/\/www.manigoo.com\/events\/wp-content\/uploads\/sites\/3\/2014\/11\/buehne_start1.jpg\" class=\"skip-lazy\" alt=\"\" data-no-lazy=\"1\" srcset=\"https:\/\/www.manigoo.com\/events\/wp-content\/uploads\/sites\/3\/2014\/11\/buehne_start1.jpg 1024w, https:\/\/www.manigoo.com\/events\/wp-content\/uploads\/sites\/3\/2014\/11\/buehne_start1-300x200.jpg 300w\" sizes=\"(max-width: 1024px) 100vw, 1024px\" \/><\/div><div class=\"vcex-image-slider vcex-module wpex-slider slider-pro wpex-clr\" data-loop=\"true\" data-auto-play-delay=\"5000\" data-arrows=\"false\" data-buttons=\"false\" data-fade-arrows=\"false\" data-animation-speed=\"600\" data-height-animation-duration=\"500\" data-thumbnail-height=\"70\" data-thumbnail-width=\"70\"><div class=\"wpex-slider-slides sp-slides\"><div class=\"wpex-slider-slide sp-slide\"><div class=\"wpex-slider-media wpex-relative\"><img width=\"1024\" height=\"682\" src=\"https:\/\/www.manigoo.com\/events\/wp-content\/uploads\/sites\/3\/2014\/11\/buehne_start1.jpg\" class=\"skip-lazy\" alt=\"\" data-no-lazy=\"1\" srcset=\"https:\/\/www.manigoo.com\/events\/wp-content\/uploads\/sites\/3\/2014\/11\/buehne_start1.jpg 1024w, https:\/\/www.manigoo.com\/events\/wp-content\/uploads\/sites\/3\/2014\/11\/buehne_start1-300x200.jpg 300w\" sizes=\"(max-width: 1024px) 100vw, 1024px\" \/><\/div><\/div><div class=\"wpex-slider-slide sp-slide\"><div class=\"wpex-slider-media wpex-relative\"><img width=\"600\" height=\"400\" src=\"https:\/\/www.manigoo.com\/events\/wp-content\/uploads\/sites\/3\/2015\/03\/SkodaPr\u00e4sentation2.jpg\" class=\"skip-lazy\" alt=\"\" data-no-lazy=\"1\" srcset=\"https:\/\/www.manigoo.com\/events\/wp-content\/uploads\/sites\/3\/2015\/03\/SkodaPr\u00e4sentation2.jpg 600w, https:\/\/www.manigoo.com\/events\/wp-content\/uploads\/sites\/3\/2015\/03\/SkodaPr\u00e4sentation2-300x200.jpg 300w\" sizes=\"(max-width: 600px) 100vw, 600px\" \/><\/div><\/div><div class=\"wpex-slider-slide sp-slide\"><div class=\"wpex-slider-media wpex-relative\"><img width=\"1024\" height=\"682\" src=\"https:\/\/www.manigoo.com\/events\/wp-content\/uploads\/sites\/3\/2014\/12\/buehne_07.jpg\" class=\"skip-lazy\" alt=\"\" data-no-lazy=\"1\" srcset=\"https:\/\/www.manigoo.com\/events\/wp-content\/uploads\/sites\/3\/2014\/12\/buehne_07.jpg 1024w, https:\/\/www.manigoo.com\/events\/wp-content\/uploads\/sites\/3\/2014\/12\/buehne_07-300x200.jpg 300w\" sizes=\"(max-width: 1024px) 100vw, 1024px\" \/><\/div><\/div><div class=\"wpex-slider-slide sp-slide\"><div class=\"wpex-slider-media wpex-relative\"><img width=\"781\" height=\"520\" src=\"https:\/\/www.manigoo.com\/events\/wp-content\/uploads\/sites\/3\/2014\/12\/imagefactory.jpeg\" class=\"skip-lazy\" alt=\"\" data-no-lazy=\"1\" srcset=\"https:\/\/www.manigoo.com\/events\/wp-content\/uploads\/sites\/3\/2014\/12\/imagefactory.jpeg 781w, https:\/\/www.manigoo.com\/events\/wp-content\/uploads\/sites\/3\/2014\/12\/imagefactory-300x199.jpeg 300w\" sizes=\"(max-width: 781px) 100vw, 781px\" \/><\/div><\/div><\/div><\/div>[vc_column_text css_animation=&#8220;&#8220;]<em><span style=\"font-family: Raleway;\">Tolle Perfomance, individuelle Kost\u00fcme und ganz besondere Artists<\/span><\/em>[\/vc_column_text][\/vc_column][vc_column width=&#8220;1\/2&#8243; style=&#8220;&#8220; visibility=&#8220;&#8220; css_animation=&#8220;&#8220; typo_style=&#8220;&#8220; drop_shadow=&#8220;&#8220; bg_style=&#8220;&#8220; border_style=&#8220;&#8220;][vc_single_image image=&#8220;440&#8243; alignment=&#8220;&#8220; style=&#8220;&#8220; border_color=&#8220;grey&#8220; img_link_large=&#8220;&#8220; img_link_target=&#8220;_self&#8220; css_animation=&#8220;&#8220; img_hover=&#8220;&#8220; img_filter=&#8220;&#8220; rounded_image=&#8220;&#8220; lightbox_iframe_type=&#8220;&#8220;][vc_column_text css_animation=&#8220;&#8220;]\n<p style=\"text-align: right;\"><span style=\"font-family: Raleway;\"><em>Backstage &#8211; gute Laune nicht nur auf der B\u00fchne<\/em><\/span><\/p>\n[\/vc_column_text][\/vc_column][\/vc_row][vc_row full_width=&#8220;&#8220; parallax=&#8220;&#8220; parallax_image=&#8220;&#8220; visibility=&#8220;&#8220; css_animation=&#8220;&#8220; style=&#8220;&#8220; column_spacing=&#8220;&#8220; center_row=&#8220;&#8220; no_margins=&#8220;&#8220; tablet_fullwidth_cols=&#8220;&#8220; bg_style=&#8220;&#8220; parallax_style=&#8220;&#8220; parallax_direction=&#8220;&#8220; parallax_mobile=&#8220;&#8220; video_bg=&#8220;&#8220; video_bg_overlay=&#8220;&#8220; border_style=&#8220;&#8220;][vc_column width=&#8220;1\/1&#8243; style=&#8220;&#8220; visibility=&#8220;&#8220; css_animation=&#8220;&#8220; typo_style=&#8220;&#8220; drop_shadow=&#8220;&#8220; bg_style=&#8220;&#8220; border_style=&#8220;&#8220;]<div class=\"vcex-module vcex-divider vcex-divider-solid vcex-divider-center wpex-mx-auto wpex-block wpex-h-0 wpex-border-b wpex-border-solid wpex-border-main\"><\/div>[\/vc_column][\/vc_row][vc_row full_width=&#8220;&#8220; parallax=&#8220;&#8220; parallax_image=&#8220;&#8220; visibility=&#8220;&#8220; css_animation=&#8220;&#8220; style=&#8220;&#8220; column_spacing=&#8220;&#8220; center_row=&#8220;&#8220; no_margins=&#8220;&#8220; tablet_fullwidth_cols=&#8220;&#8220; bg_style=&#8220;&#8220; parallax_style=&#8220;&#8220; parallax_direction=&#8220;&#8220; parallax_mobile=&#8220;&#8220; video_bg=&#8220;&#8220; video_bg_overlay=&#8220;&#8220; border_style=&#8220;&#8220;][vc_column width=&#8220;1\/2&#8243; style=&#8220;&#8220; visibility=&#8220;&#8220; css_animation=&#8220;&#8220; typo_style=&#8220;&#8220; drop_shadow=&#8220;&#8220; bg_style=&#8220;&#8220; border_style=&#8220;&#8220;][vc_video link=&#8220;https:\/\/youtu.be\/yakNye94T_M&#8220;][vc_column_text]<em><span style=\"font-family: Raleway;\">Jubil\u00e4umsfeier<\/span><\/em>[\/vc_column_text][\/vc_column][vc_column width=&#8220;1\/2&#8243; style=&#8220;&#8220; visibility=&#8220;&#8220; css_animation=&#8220;&#8220; typo_style=&#8220;&#8220; drop_shadow=&#8220;&#8220; bg_style=&#8220;&#8220; border_style=&#8220;&#8220;][vc_video link=&#8220;https:\/\/youtu.be\/3bYikaasTVw&#8220;][vc_column_text]\n<p style=\"text-align: right;\"><em><span style=\"font-family: Raleway;\">Im Einsatz f\u00fcr Jaguar<\/span><\/em><\/p>\n[\/vc_column_text][\/vc_column][\/vc_row][vc_row full_width=&#8220;&#8220; parallax=&#8220;&#8220; parallax_image=&#8220;&#8220; visibility=&#8220;&#8220; css_animation=&#8220;&#8220; style=&#8220;&#8220; column_spacing=&#8220;&#8220; center_row=&#8220;&#8220; no_margins=&#8220;&#8220; tablet_fullwidth_cols=&#8220;&#8220; bg_style=&#8220;&#8220; parallax_style=&#8220;&#8220; parallax_direction=&#8220;&#8220; parallax_mobile=&#8220;&#8220; video_bg=&#8220;&#8220; video_bg_overlay=&#8220;&#8220; border_style=&#8220;&#8220;][vc_column width=&#8220;1\/1&#8243; style=&#8220;&#8220; visibility=&#8220;&#8220; css_animation=&#8220;&#8220; typo_style=&#8220;&#8220; drop_shadow=&#8220;&#8220; bg_style=&#8220;&#8220; border_style=&#8220;&#8220;][\/vc_column][\/vc_row]\n","protected":false},"excerpt":{"rendered":"<p>[vc_row full_width=&#8220;&#8220; parallax=&#8220;&#8220; parallax_image=&#8220;&#8220; visibility=&#8220;&#8220; css_animation=&#8220;&#8220; style=&#8220;&#8220; column_spacing=&#8220;&#8220; center_row=&#8220;&#8220; no_margins=&#8220;&#8220; tablet_fullwidth_cols=&#8220;&#8220; bg_style=&#8220;&#8220; parallax_style=&#8220;&#8220; parallax_direction=&#8220;&#8220; parallax_mobile=&#8220;&#8220; video_bg=&#8220;&#8220; video_bg_overlay=&#8220;&#8220; border_style=&#8220;&#8220;][vc_column width=&#8220;1\/1&#8243; style=&#8220;&#8220; visibility=&#8220;&#8220; css_animation=&#8220;&#8220; typo_style=&#8220;&#8220; drop_shadow=&#8220;&#8220; bg_style=&#8220;&#8220; border_style=&#8220;&#8220;][vc_column_text css_animation=&#8220;&#8220;] Events in Bewegung \u00a0Tanz bringt Bewegung in Ihr Event. Denn die Bewegung unserer\u00a0T\u00e4nzer \u00fcbertr\u00e4gt sich auf die Stimmung Ihrer Kunden. So k\u00f6nnen Sie Ihrer Veranstaltung die Atmosph\u00e4re geben,&hellip;<\/p>\n","protected":false},"author":2,"featured_media":0,"parent":0,"menu_order":0,"comment_status":"closed","ping_status":"closed","template":"","meta":{"footnotes":""},"class_list":["post-434","page","type-page","status-publish","hentry","entry","no-media"],"yoast_head":"<!-- This site is optimized with the Yoast SEO plugin v27.4 - https:\/\/yoast.com\/product\/yoast-seo-wordpress\/ -->\n<title>T\u00e4nzer - manigoo events<\/title>\n<meta name=\"robots\" content=\"index, follow, max-snippet:-1, max-image-preview:large, max-video-preview:-1\" \/>\n<link rel=\"canonical\" href=\"https:\/\/www.manigoo.com\/events\/taenzer\/\" \/>\n<meta property=\"og:locale\" content=\"de_DE\" \/>\n<meta property=\"og:type\" content=\"article\" \/>\n<meta property=\"og:title\" content=\"T\u00e4nzer - manigoo events\" \/>\n<meta property=\"og:description\" content=\"[vc_row full_width=&#8220;&#8220; parallax=&#8220;&#8220; parallax_image=&#8220;&#8220; visibility=&#8220;&#8220; css_animation=&#8220;&#8220; style=&#8220;&#8220; column_spacing=&#8220;&#8220; center_row=&#8220;&#8220; no_margins=&#8220;&#8220; tablet_fullwidth_cols=&#8220;&#8220; bg_style=&#8220;&#8220; parallax_style=&#8220;&#8220; parallax_direction=&#8220;&#8220; parallax_mobile=&#8220;&#8220; video_bg=&#8220;&#8220; video_bg_overlay=&#8220;&#8220; border_style=&#8220;&#8220;][vc_column width=&#8220;1\/1&#8243; style=&#8220;&#8220; visibility=&#8220;&#8220; css_animation=&#8220;&#8220; typo_style=&#8220;&#8220; drop_shadow=&#8220;&#8220; bg_style=&#8220;&#8220; border_style=&#8220;&#8220;][vc_column_text css_animation=&#8220;&#8220;] Events in Bewegung \u00a0Tanz bringt Bewegung in Ihr Event. Denn die Bewegung unserer\u00a0T\u00e4nzer \u00fcbertr\u00e4gt sich auf die Stimmung Ihrer Kunden. So k\u00f6nnen Sie Ihrer Veranstaltung die Atmosph\u00e4re geben,&hellip;\" \/>\n<meta property=\"og:url\" content=\"https:\/\/www.manigoo.com\/events\/taenzer\/\" \/>\n<meta property=\"og:site_name\" content=\"manigoo events\" \/>\n<meta property=\"article:modified_time\" content=\"2015-06-24T09:29:50+00:00\" \/>\n<meta name=\"twitter:card\" content=\"summary_large_image\" \/>\n<meta name=\"twitter:label1\" content=\"Gesch\u00e4tzte Lesezeit\" \/>\n\t<meta name=\"twitter:data1\" content=\"3\u00a0Minuten\" \/>\n<script type=\"application\/ld+json\" class=\"yoast-schema-graph\">{\"@context\":\"https:\\\/\\\/schema.org\",\"@graph\":[{\"@type\":\"WebPage\",\"@id\":\"https:\\\/\\\/www.manigoo.com\\\/events\\\/taenzer\\\/\",\"url\":\"https:\\\/\\\/www.manigoo.com\\\/events\\\/taenzer\\\/\",\"name\":\"T\u00e4nzer - manigoo events\",\"isPartOf\":{\"@id\":\"https:\\\/\\\/www.manigoo.com\\\/events\\\/#website\"},\"datePublished\":\"2015-03-23T09:57:34+00:00\",\"dateModified\":\"2015-06-24T09:29:50+00:00\",\"breadcrumb\":{\"@id\":\"https:\\\/\\\/www.manigoo.com\\\/events\\\/taenzer\\\/#breadcrumb\"},\"inLanguage\":\"de\",\"potentialAction\":[{\"@type\":\"ReadAction\",\"target\":[\"https:\\\/\\\/www.manigoo.com\\\/events\\\/taenzer\\\/\"]}]},{\"@type\":\"BreadcrumbList\",\"@id\":\"https:\\\/\\\/www.manigoo.com\\\/events\\\/taenzer\\\/#breadcrumb\",\"itemListElement\":[{\"@type\":\"ListItem\",\"position\":1,\"name\":\"Startseite\",\"item\":\"https:\\\/\\\/www.manigoo.com\\\/events\\\/\"},{\"@type\":\"ListItem\",\"position\":2,\"name\":\"T\u00e4nzer\"}]},{\"@type\":\"WebSite\",\"@id\":\"https:\\\/\\\/www.manigoo.com\\\/events\\\/#website\",\"url\":\"https:\\\/\\\/www.manigoo.com\\\/events\\\/\",\"name\":\"MANIGOO Events\",\"description\":\"Events, Fashion Shows &amp; Event Professionals\",\"publisher\":{\"@id\":\"https:\\\/\\\/www.manigoo.com\\\/events\\\/#organization\"},\"alternateName\":\"MANIGOO\",\"potentialAction\":[{\"@type\":\"SearchAction\",\"target\":{\"@type\":\"EntryPoint\",\"urlTemplate\":\"https:\\\/\\\/www.manigoo.com\\\/events\\\/?s={search_term_string}\"},\"query-input\":{\"@type\":\"PropertyValueSpecification\",\"valueRequired\":true,\"valueName\":\"search_term_string\"}}],\"inLanguage\":\"de\"},{\"@type\":\"Organization\",\"@id\":\"https:\\\/\\\/www.manigoo.com\\\/events\\\/#organization\",\"name\":\"MANIGOO Events\",\"url\":\"https:\\\/\\\/www.manigoo.com\\\/events\\\/\",\"logo\":{\"@type\":\"ImageObject\",\"inLanguage\":\"de\",\"@id\":\"https:\\\/\\\/www.manigoo.com\\\/events\\\/#\\\/schema\\\/logo\\\/image\\\/\",\"url\":\"https:\\\/\\\/www.manigoo.com\\\/events\\\/wp-content\\\/uploads\\\/sites\\\/3\\\/2020\\\/07\\\/Logo_manigoo_2015_quadrat_kl.jpg\",\"contentUrl\":\"https:\\\/\\\/www.manigoo.com\\\/events\\\/wp-content\\\/uploads\\\/sites\\\/3\\\/2020\\\/07\\\/Logo_manigoo_2015_quadrat_kl.jpg\",\"width\":250,\"height\":250,\"caption\":\"MANIGOO Events\"},\"image\":{\"@id\":\"https:\\\/\\\/www.manigoo.com\\\/events\\\/#\\\/schema\\\/logo\\\/image\\\/\"}}]}<\/script>\n<!-- \/ Yoast SEO plugin. -->","yoast_head_json":{"title":"T\u00e4nzer - manigoo events","robots":{"index":"index","follow":"follow","max-snippet":"max-snippet:-1","max-image-preview":"max-image-preview:large","max-video-preview":"max-video-preview:-1"},"canonical":"https:\/\/www.manigoo.com\/events\/taenzer\/","og_locale":"de_DE","og_type":"article","og_title":"T\u00e4nzer - manigoo events","og_description":"[vc_row full_width=&#8220;&#8220; parallax=&#8220;&#8220; parallax_image=&#8220;&#8220; visibility=&#8220;&#8220; css_animation=&#8220;&#8220; style=&#8220;&#8220; column_spacing=&#8220;&#8220; center_row=&#8220;&#8220; no_margins=&#8220;&#8220; tablet_fullwidth_cols=&#8220;&#8220; bg_style=&#8220;&#8220; parallax_style=&#8220;&#8220; parallax_direction=&#8220;&#8220; parallax_mobile=&#8220;&#8220; video_bg=&#8220;&#8220; video_bg_overlay=&#8220;&#8220; border_style=&#8220;&#8220;][vc_column width=&#8220;1\/1&#8243; style=&#8220;&#8220; visibility=&#8220;&#8220; css_animation=&#8220;&#8220; typo_style=&#8220;&#8220; drop_shadow=&#8220;&#8220; bg_style=&#8220;&#8220; border_style=&#8220;&#8220;][vc_column_text css_animation=&#8220;&#8220;] Events in Bewegung \u00a0Tanz bringt Bewegung in Ihr Event. Denn die Bewegung unserer\u00a0T\u00e4nzer \u00fcbertr\u00e4gt sich auf die Stimmung Ihrer Kunden. So k\u00f6nnen Sie Ihrer Veranstaltung die Atmosph\u00e4re geben,&hellip;","og_url":"https:\/\/www.manigoo.com\/events\/taenzer\/","og_site_name":"manigoo events","article_modified_time":"2015-06-24T09:29:50+00:00","twitter_card":"summary_large_image","twitter_misc":{"Gesch\u00e4tzte Lesezeit":"3\u00a0Minuten"},"schema":{"@context":"https:\/\/schema.org","@graph":[{"@type":"WebPage","@id":"https:\/\/www.manigoo.com\/events\/taenzer\/","url":"https:\/\/www.manigoo.com\/events\/taenzer\/","name":"T\u00e4nzer - manigoo events","isPartOf":{"@id":"https:\/\/www.manigoo.com\/events\/#website"},"datePublished":"2015-03-23T09:57:34+00:00","dateModified":"2015-06-24T09:29:50+00:00","breadcrumb":{"@id":"https:\/\/www.manigoo.com\/events\/taenzer\/#breadcrumb"},"inLanguage":"de","potentialAction":[{"@type":"ReadAction","target":["https:\/\/www.manigoo.com\/events\/taenzer\/"]}]},{"@type":"BreadcrumbList","@id":"https:\/\/www.manigoo.com\/events\/taenzer\/#breadcrumb","itemListElement":[{"@type":"ListItem","position":1,"name":"Startseite","item":"https:\/\/www.manigoo.com\/events\/"},{"@type":"ListItem","position":2,"name":"T\u00e4nzer"}]},{"@type":"WebSite","@id":"https:\/\/www.manigoo.com\/events\/#website","url":"https:\/\/www.manigoo.com\/events\/","name":"MANIGOO Events","description":"Events, Fashion Shows &amp; Event Professionals","publisher":{"@id":"https:\/\/www.manigoo.com\/events\/#organization"},"alternateName":"MANIGOO","potentialAction":[{"@type":"SearchAction","target":{"@type":"EntryPoint","urlTemplate":"https:\/\/www.manigoo.com\/events\/?s={search_term_string}"},"query-input":{"@type":"PropertyValueSpecification","valueRequired":true,"valueName":"search_term_string"}}],"inLanguage":"de"},{"@type":"Organization","@id":"https:\/\/www.manigoo.com\/events\/#organization","name":"MANIGOO Events","url":"https:\/\/www.manigoo.com\/events\/","logo":{"@type":"ImageObject","inLanguage":"de","@id":"https:\/\/www.manigoo.com\/events\/#\/schema\/logo\/image\/","url":"https:\/\/www.manigoo.com\/events\/wp-content\/uploads\/sites\/3\/2020\/07\/Logo_manigoo_2015_quadrat_kl.jpg","contentUrl":"https:\/\/www.manigoo.com\/events\/wp-content\/uploads\/sites\/3\/2020\/07\/Logo_manigoo_2015_quadrat_kl.jpg","width":250,"height":250,"caption":"MANIGOO Events"},"image":{"@id":"https:\/\/www.manigoo.com\/events\/#\/schema\/logo\/image\/"}}]}},"_links":{"self":[{"href":"https:\/\/www.manigoo.com\/events\/wp-json\/wp\/v2\/pages\/434","targetHints":{"allow":["GET"]}}],"collection":[{"href":"https:\/\/www.manigoo.com\/events\/wp-json\/wp\/v2\/pages"}],"about":[{"href":"https:\/\/www.manigoo.com\/events\/wp-json\/wp\/v2\/types\/page"}],"author":[{"embeddable":true,"href":"https:\/\/www.manigoo.com\/events\/wp-json\/wp\/v2\/users\/2"}],"replies":[{"embeddable":true,"href":"https:\/\/www.manigoo.com\/events\/wp-json\/wp\/v2\/comments?post=434"}],"version-history":[{"count":5,"href":"https:\/\/www.manigoo.com\/events\/wp-json\/wp\/v2\/pages\/434\/revisions"}],"predecessor-version":[{"id":782,"href":"https:\/\/www.manigoo.com\/events\/wp-json\/wp\/v2\/pages\/434\/revisions\/782"}],"wp:attachment":[{"href":"https:\/\/www.manigoo.com\/events\/wp-json\/wp\/v2\/media?parent=434"}],"curies":[{"name":"wp","href":"https:\/\/api.w.org\/{rel}","templated":true}]}}