{"id":787,"date":"2016-06-08T16:21:08","date_gmt":"2016-06-08T14:21:08","guid":{"rendered":"http:\/\/www.manigoo.com\/events\/?page_id=787"},"modified":"2023-01-30T21:18:57","modified_gmt":"2023-01-30T20:18:57","slug":"jobs","status":"publish","type":"page","link":"https:\/\/www.manigoo.com\/events\/jobs\/","title":{"rendered":"JOBS"},"content":{"rendered":"[vc_row center_row=&#8220;&#8220;][vc_column]<div class=\"vcex-spacing wpex-w-100 wpex-clear\"><\/div>[vc_separator][vc_column_text]\n<p style=\"text-align: center;\"><span style=\"font-size: 16px; font-family: Raleway;\">MODEL AGENTUR &#8211; MODEL MANAGEMENT &#8211; BOOKING AGENTUR &#8211; MODENSCHAU AGENTUR &#8211; EVENT AGENTUR<\/span><\/p>\n[\/vc_column_text][vc_separator]<div class=\"vcex-spacing wpex-w-100 wpex-clear\"><\/div>[vc_custom_heading text=&#8220;AKTUELLE STELLENANGEBOTE IN DER MODEL- UND EVENTAGENTUR MANIGOO&#8220; font_container=&#8220;tag:h2|font_size:24|text_align:left&#8220; google_fonts=&#8220;font_family:Raleway%3A100%2C200%2C300%2Cregular%2C500%2C600%2C700%2C800%2C900|font_style:500%20bold%20regular%3A500%3Anormal&#8220; enqueue_font_style=&#8220;&#8220;][\/vc_column][\/vc_row][vc_row center_row=&#8220;&#8220;][vc_column width=&#8220;1\/2&#8243;][vc_column_text]<span style=\"font-size: 16px; font-family: Raleway;\">Seit mehr als 15 Jahren sind wir erfolgreich in unserer Branche t\u00e4tig. T\u00e4glich freuen wir uns auf neue Projekte und lieben es mit Menschen zusammenzuarbeiten.\u00a0<\/span><\/p>\n<p><span style=\"font-size: 16px; font-family: Raleway;\">Wir freuen uns auf deine Bewerbung!<\/span>[\/vc_column_text][\/vc_column][vc_column width=&#8220;1\/2&#8243;][vc_column_text]\n<ul>\n<li><span style=\"font-size: 16px; font-family: Raleway;\">Host\/ess &amp; Promoter\/in<\/span><\/li>\n<li><span style=\"font-size: 16px; font-family: Raleway;\">Praktikant\/in Social Media Manager<\/span><\/li>\n<li><span style=\"font-size: 16px; font-family: Raleway;\">Praktikant\/in Projektmanagement &amp; Booking<\/span><\/li>\n<li><span style=\"font-size: 16px; font-family: Raleway;\">Model<\/span><\/li>\n<\/ul>\n[\/vc_column_text][\/vc_column][\/vc_row][vc_row center_row=&#8220;&#8220;][vc_column][vc_separator]<div class=\"vcex-spacing wpex-w-100 wpex-clear\"><\/div>[vc_column_text][\/vc_column_text][vc_custom_heading text=&#8220;V.I.P. HOST\/ESS (m\/w\/d)&#8220; font_container=&#8220;tag:h2|font_size:20|text_align:left&#8220; google_fonts=&#8220;font_family:Raleway%3A100%2C200%2C300%2Cregular%2C500%2C600%2C700%2C800%2C900|font_style:400%20regular%3A400%3Anormal&#8220; enqueue_font_style=&#8220;&#8220;][vc_column_text]<span style=\"font-size: 16px; font-family: Raleway;\">(kurzfristig\/ geringf\u00fcgig besch\u00e4ftigt)<\/span><\/p>\n<p><span style=\"font-size: 16px; font-family: Raleway;\">Du m\u00f6chtest Live im Stadion mit dabei sein?<\/span><\/p>\n<p><a href=\"https:\/\/www.manigoo.com\/events\/vip-hostess-m-w-d\/\"><span style=\"font-size: 16px; font-family: Raleway;\">Mehr Infos&#8230;<\/span><\/a>[\/vc_column_text]<div class=\"vcex-spacing wpex-w-100 wpex-clear\"><\/div>[vc_separator][vc_custom_heading text=&#8220;HOST\/ESS &amp; PROMOTER\/IN (m\/w\/d)&#8220; font_container=&#8220;tag:h2|font_size:20|text_align:left&#8220; google_fonts=&#8220;font_family:Raleway%3A100%2C200%2C300%2Cregular%2C500%2C600%2C700%2C800%2C900|font_style:400%20regular%3A400%3Anormal&#8220; enqueue_font_style=&#8220;&#8220;][vc_column_text]<span style=\"font-size: 16px; font-family: Raleway;\">Du m\u00f6chtest Teil unseres Teams\u00a0werden und als Host\/ess oder Promoter\/in coole Parties, aufregende Veranstaltungen und Messe &amp; Business-Events unterst\u00fctzen? &#8211; Dann bist du hier richtig!<\/span><\/p>\n<p><span style=\"font-size: 16px; font-family: Raleway;\">Wir setzen voraus:<\/span><\/p>\n<ul>\n<li><span style=\"font-size: 16px; font-family: Raleway;\">absolute Zuverl\u00e4ssigkeit<\/span><\/li>\n<li><span style=\"font-size: 16px; font-family: Raleway;\">Flexibilit\u00e4t<\/span><\/li>\n<li><span style=\"font-size: 16px; font-family: Raleway;\">Teamf\u00e4higkeit<\/span><\/li>\n<li><span style=\"font-size: 16px; font-family: Raleway;\">Offenheit &amp; Kommunikativit\u00e4t<\/span><\/li>\n<li><span style=\"font-size: 16px; font-family: Raleway;\">Belastbarkeit<\/span><\/li>\n<li><span style=\"font-size: 16px; font-family: Raleway;\">Kunden- &amp; Serviceorientiertheit<\/span><\/li>\n<li><span style=\"font-size: 16px; font-family: Raleway;\">Anpassungsf\u00e4higkeit<\/span><\/li>\n<li><span style=\"font-size: 16px; font-family: Raleway;\">ein gepflegtes \u00c4u\u00dferes<\/span><\/li>\n<li><span style=\"font-size: 16px; font-family: Raleway;\">gute Umgangsformen<\/span><\/li>\n<li><span style=\"font-size: 16px; font-family: Raleway;\">Engagement<\/span><\/li>\n<li><span style=\"font-size: 16px; font-family: Raleway;\">Spa\u00df bei der Arbeit<\/span><\/li>\n<\/ul>\n<p><span style=\"font-size: 16px; font-family: Raleway;\">Dann bewirb dich noch heute und f\u00fclle unser <a href=\"https:\/\/goo.gl\/2QMM4k\" target=\"_blank\" rel=\"noopener noreferrer\">BEWERBER-FORMULAR-EVENT<\/a>\u00a0aus.<\/span>[\/vc_column_text]<div class=\"vcex-spacing wpex-w-100 wpex-clear\"><\/div>[vc_separator][\/vc_column][\/vc_row][vc_row center_row=&#8220;&#8220;][vc_column][vc_custom_heading text=&#8220;PRAKTIKUM SOCIAL MEDIA MANAGER\/ CONTENT CREATION (m\/w\/d)<br \/>\nab sofort (mindestens 3 Monate)&#8220; font_container=&#8220;tag:h2|font_size:20|text_align:left&#8220; google_fonts=&#8220;font_family:Raleway%3A100%2C200%2C300%2Cregular%2C500%2C600%2C700%2C800%2C900|font_style:400%20regular%3A400%3Anormal&#8220; enqueue_font_style=&#8220;&#8220;][vc_column_text]<span style=\"font-size: 16px; font-family: Raleway;\">(Bewerbungen nehmen wir bevorzugt per EMail an info@manigoo.de an)<\/span><\/p>\n<p><span style=\"font-size: 16px; font-family: Raleway;\">Du liebst es t\u00e4glich im Internet zu surfen um dich dort nach den neusten Trends zu informieren?\u00a0Facebook, Instagram, WordPress, Photoshop sind keine Fremdw\u00f6rter f\u00fcr dich?\u00a0<\/span><\/p>\n<p><span style=\"font-size: 16px; font-family: Raleway;\">Deine T\u00e4tigkeiten:<\/span><\/p>\n<ul>\n<li><span style=\"font-size: 16px; font-family: Raleway;\">Konzeption und operative Betreuung von Social-Media Platttformen und -Kampagnen<\/span><\/li>\n<li><span style=\"font-size: 16px; font-family: Raleway;\">Erstellung und Betreuung von kreativen Redaktionspl\u00e4nen und zielgruppenspezifischen Inhalten<\/span><\/li>\n<li><span style=\"font-size: 16px; font-family: Raleway;\">Ausbau der Social Media Pr\u00e4senz<\/span><\/li>\n<\/ul>\n<p><span style=\"font-size: 16px; font-family: Raleway;\">Dein Profil:<\/span><\/p>\n<ul>\n<li><span style=\"font-size: 16px; font-family: Raleway;\">Kenntnisse im Bereich Marketing Trends, digitale Technologien,<\/span><\/li>\n<li><span style=\"font-size: 16px; font-family: Raleway;\">Private und\/oder berufliche Nutzung diverser Social Media Plattformen<\/span><\/li>\n<li><span style=\"font-size: 16px; font-family: Raleway;\">Team- und Kommunikationsf\u00e4higkeit<\/span><\/li>\n<li><span style=\"font-size: 16px; font-family: Raleway;\">guter Schreibstil<\/span><\/li>\n<\/ul>\n[\/vc_column_text]<div class=\"vcex-spacing wpex-w-100 wpex-clear\"><\/div>[vc_separator][\/vc_column][\/vc_row][vc_row center_row=&#8220;&#8220;][vc_column][vc_custom_heading text=&#8220;PRAKTIKUM PROJEKTMANAGEMENT &amp; BOOKING (m\/w\/d)<br \/>\nab sofort (mindestens 3 Monate)&#8220; font_container=&#8220;tag:h2|font_size:20|text_align:left&#8220; google_fonts=&#8220;font_family:Raleway%3A100%2C200%2C300%2Cregular%2C500%2C600%2C700%2C800%2C900|font_style:400%20regular%3A400%3Anormal&#8220; enqueue_font_style=&#8220;&#8220;][vc_column_text]<span style=\"font-size: 16px; font-family: Raleway;\">(Bewerbungen nehmen wir bevorzugt per EMail an info@manigoo.de an)<\/span><\/p>\n<p><span style=\"font-size: 16px; font-family: Raleway;\">Du m\u00f6chtest ein einem tollen Team arbeiten und einen Einblick in die Arbeit einer Model &amp; Event Agentur erhalten?<\/span><\/p>\n<p><span style=\"font-weight: 400; font-size: 16px; font-family: Raleway;\">Bei uns hast du die M\u00f6glichkeit, auch als Praktikant, Verantwortung zu \u00fcbernehmen und selbstst\u00e4ndig zu arbeiten.<\/span><\/p>\n<p><span style=\"font-weight: 400; font-size: 16px; font-family: Raleway;\">Durch unsere langj\u00e4hrige Erfahrung k\u00f6nnen wir dir viel an brancheninternen Wissen weitergeben. Du lernst in einem dynamischen Umfeld den direkten und professionellen Umgang mit Kunden, Models und Partnern. Au\u00dferdem erf\u00e4hrst du alles Rund um Events, explizit deren erfolgreiche Planung und Durchf\u00fchrung. Wir helfen dir deine praktischen St\u00e4rken herauszufinden und geben dir Raum diese zu f\u00f6rdern.<\/span><\/p>\n<p><span style=\"font-weight: 400; font-size: 16px; font-family: Raleway;\">Du hast die Chance auch selbst auf Events t\u00e4tig zu sein und kannst dadurch nicht nur den administrativen Aufwand der sich hinter einer Veranstaltung verbirgt kennenlernen, sondern auch die Arbeit die w\u00e4hrenddessen geleistet wird. <\/span><br \/>\n<span style=\"font-weight: 400; font-size: 16px; font-family: Raleway;\"> Auch diese Erfahrung tr\u00e4gt dazu bei den Einblick in die Branche zu intensivieren und alle Facetten kennen zu lernen.<\/span><\/p>\n<p><span style=\"font-weight: 400; font-size: 16px; font-family: Raleway;\">Deine T\u00e4tigkeiten im Bereich Model Booking:\u00a0<\/span><\/p>\n<ul>\n<li><span style=\"font-weight: 400; font-size: 16px; font-family: Raleway;\">Betreuung Models &amp; Kunden<\/span><\/li>\n<li><span style=\"font-size: 16px; font-family: Raleway;\">Organisation von Produktionen (Castings, Shootings,&#8230;)<\/span><\/li>\n<li><span style=\"font-size: 16px; font-family: Raleway;\">Pflege Model Portfolio<\/span><\/li>\n<\/ul>\n<p><span style=\"font-size: 16px; font-family: Raleway;\">Deine T\u00e4tigkeiten im Bereich Event:<\/span><\/p>\n<ul>\n<li><span style=\"font-size: 16px; font-family: Raleway;\">Projektplanung<\/span><\/li>\n<li><span style=\"font-size: 16px; font-family: Raleway;\">Backoffice<\/span><\/li>\n<li><span style=\"font-size: 16px; font-family: Raleway;\">Datenpflege<\/span><\/li>\n<\/ul>\n<p><span style=\"font-size: 16px; font-family: Raleway;\">Deine Voraussetzungen:<\/span><\/p>\n<ul>\n<li><span style=\"font-size: 16px; font-family: Raleway;\">guter Schreibstil<\/span><\/li>\n<li><span style=\"font-size: 16px; font-family: Raleway;\">Word- und Excelkenntnisse<\/span><\/li>\n<li><span style=\"font-size: 16px; font-family: Raleway;\">gute Kommunikationsf\u00e4higkeiten<\/span><\/li>\n<li><span style=\"font-size: 16px; font-family: Raleway;\">Erfahrungen im Social Media Bereich<\/span><\/li>\n<li><span style=\"font-size: 16px; font-family: Raleway;\">Zuverl\u00e4ssigkeit, Teamf\u00e4higkeit<\/span><\/li>\n<li><span style=\"font-size: 16px; font-family: Raleway;\">Organisationstalent<\/span><\/li>\n<\/ul>\n[\/vc_column_text]<div class=\"vcex-spacing wpex-w-100 wpex-clear\"><\/div>[vc_separator][\/vc_column][\/vc_row][vc_row center_row=&#8220;&#8220;][vc_column][\/vc_column][\/vc_row][vc_row center_row=&#8220;&#8220;][vc_column][vc_custom_heading text=&#8220;MODEL&#8220; font_container=&#8220;tag:h2|font_size:20|text_align:left&#8220; google_fonts=&#8220;font_family:Raleway%3A100%2C200%2C300%2Cregular%2C500%2C600%2C700%2C800%2C900|font_style:400%20regular%3A400%3Anormal&#8220; enqueue_font_style=&#8220;&#8220;][vc_column_text]<span style=\"font-size: 16px; font-family: Raleway;\">Du m\u00f6chtest in unserem <a href=\"http:\/\/www.manigoo-models.com\/\">MANIGOO MODELS<\/a> Team aufgenommen werden? Dann f\u00fclle uns bitte folgendes Online Formular aus.<\/span><\/p>\n<p><span style=\"font-size: 16px; font-family: Raleway;\"><a href=\"https:\/\/www.formpl.us\/form\/5067739288829952\" target=\"_blank\" rel=\"noopener noreferrer\">BEWERBER-FORMULAR-MODEL<\/a><\/span><\/p>\n<p><span style=\"font-size: 16px; font-family: Raleway;\">Wir freuen uns auf dich!<\/span>[\/vc_column_text][\/vc_column][\/vc_row][vc_row center_row=&#8220;&#8220;][vc_column width=&#8220;1\/2&#8243;][vc_btn title=&#8220;BECOME A MODEL&#8220; link=&#8220;url:http%3A%2F%2Fwww.manigoo-models.com%2Fbecome-a-model%2F|title:BECOME-A-MODEL|&#8220;][\/vc_column][vc_column width=&#8220;1\/2&#8243;][vc_btn title=&#8220;MANIGOO MODELS&#8220; link=&#8220;url:http%3A%2F%2Fwww.manigoo-models.com%2F|title:MANIGOO%20MODELS|&#8220;][\/vc_column][\/vc_row]\n","protected":false},"excerpt":{"rendered":"<p>[vc_row center_row=&#8220;&#8220;][vc_column][vc_separator][vc_column_text] MODEL AGENTUR &#8211; MODEL MANAGEMENT &#8211; BOOKING AGENTUR &#8211; MODENSCHAU AGENTUR &#8211; EVENT AGENTUR [\/vc_column_text][vc_separator][vc_custom_heading text=&#8220;AKTUELLE STELLENANGEBOTE IN DER MODEL- UND EVENTAGENTUR MANIGOO&#8220; font_container=&#8220;tag:h2|font_size:24|text_align:left&#8220; google_fonts=&#8220;font_family:Raleway%3A100%2C200%2C300%2Cregular%2C500%2C600%2C700%2C800%2C900|font_style:500%20bold%20regular%3A500%3Anormal&#8220; enqueue_font_style=&#8220;&#8220;][\/vc_column][\/vc_row][vc_row center_row=&#8220;&#8220;][vc_column width=&#8220;1\/2&#8243;][vc_column_text]Seit mehr als 15 Jahren sind wir erfolgreich in unserer Branche t\u00e4tig. T\u00e4glich freuen wir uns auf neue Projekte und lieben es mit Menschen zusammenzuarbeiten.\u00a0 Wir&hellip;<\/p>\n","protected":false},"author":3,"featured_media":0,"parent":0,"menu_order":0,"comment_status":"closed","ping_status":"closed","template":"","meta":{"footnotes":""},"class_list":["post-787","page","type-page","status-publish","hentry","entry","no-media"],"yoast_head":"<!-- This site is optimized with the Yoast SEO plugin v27.5 - https:\/\/yoast.com\/product\/yoast-seo-wordpress\/ -->\n<title>JOBS - manigoo events<\/title>\n<meta name=\"description\" content=\"Du suchst einen Job als Model, T\u00e4nzer, Host\/ Hostess, Visagist\/in, Stylist\/in, Content Creater, Influencer\/in? Dann melde dich gerne bei uns!\" \/>\n<meta name=\"robots\" content=\"index, follow, max-snippet:-1, max-image-preview:large, max-video-preview:-1\" \/>\n<link rel=\"canonical\" href=\"https:\/\/www.manigoo.com\/events\/jobs\/\" \/>\n<meta property=\"og:locale\" content=\"de_DE\" \/>\n<meta property=\"og:type\" content=\"article\" \/>\n<meta property=\"og:title\" content=\"JOBS - manigoo events\" \/>\n<meta property=\"og:description\" content=\"Du suchst einen Job als Model, T\u00e4nzer, Host\/ Hostess, Visagist\/in, Stylist\/in, Content Creater, Influencer\/in? Dann melde dich gerne bei uns!\" \/>\n<meta property=\"og:url\" content=\"https:\/\/www.manigoo.com\/events\/jobs\/\" \/>\n<meta property=\"og:site_name\" content=\"manigoo events\" \/>\n<meta property=\"article:modified_time\" content=\"2023-01-30T20:18:57+00:00\" \/>\n<meta name=\"twitter:card\" content=\"summary_large_image\" \/>\n<meta name=\"twitter:label1\" content=\"Gesch\u00e4tzte Lesezeit\" \/>\n\t<meta name=\"twitter:data1\" content=\"3\u00a0Minuten\" \/>\n<script type=\"application\/ld+json\" class=\"yoast-schema-graph\">{\"@context\":\"https:\\\/\\\/schema.org\",\"@graph\":[{\"@type\":\"WebPage\",\"@id\":\"https:\\\/\\\/www.manigoo.com\\\/events\\\/jobs\\\/\",\"url\":\"https:\\\/\\\/www.manigoo.com\\\/events\\\/jobs\\\/\",\"name\":\"JOBS - manigoo events\",\"isPartOf\":{\"@id\":\"https:\\\/\\\/www.manigoo.com\\\/events\\\/#website\"},\"datePublished\":\"2016-06-08T14:21:08+00:00\",\"dateModified\":\"2023-01-30T20:18:57+00:00\",\"description\":\"Du suchst einen Job als Model, T\u00e4nzer, Host\\\/ Hostess, Visagist\\\/in, Stylist\\\/in, Content Creater, Influencer\\\/in? Dann melde dich gerne bei uns!\",\"breadcrumb\":{\"@id\":\"https:\\\/\\\/www.manigoo.com\\\/events\\\/jobs\\\/#breadcrumb\"},\"inLanguage\":\"de\",\"potentialAction\":[{\"@type\":\"ReadAction\",\"target\":[\"https:\\\/\\\/www.manigoo.com\\\/events\\\/jobs\\\/\"]}]},{\"@type\":\"BreadcrumbList\",\"@id\":\"https:\\\/\\\/www.manigoo.com\\\/events\\\/jobs\\\/#breadcrumb\",\"itemListElement\":[{\"@type\":\"ListItem\",\"position\":1,\"name\":\"Startseite\",\"item\":\"https:\\\/\\\/www.manigoo.com\\\/events\\\/\"},{\"@type\":\"ListItem\",\"position\":2,\"name\":\"JOBS\"}]},{\"@type\":\"WebSite\",\"@id\":\"https:\\\/\\\/www.manigoo.com\\\/events\\\/#website\",\"url\":\"https:\\\/\\\/www.manigoo.com\\\/events\\\/\",\"name\":\"MANIGOO Events\",\"description\":\"Events, Fashion Shows &amp; Event Professionals\",\"publisher\":{\"@id\":\"https:\\\/\\\/www.manigoo.com\\\/events\\\/#organization\"},\"alternateName\":\"MANIGOO\",\"potentialAction\":[{\"@type\":\"SearchAction\",\"target\":{\"@type\":\"EntryPoint\",\"urlTemplate\":\"https:\\\/\\\/www.manigoo.com\\\/events\\\/?s={search_term_string}\"},\"query-input\":{\"@type\":\"PropertyValueSpecification\",\"valueRequired\":true,\"valueName\":\"search_term_string\"}}],\"inLanguage\":\"de\"},{\"@type\":\"Organization\",\"@id\":\"https:\\\/\\\/www.manigoo.com\\\/events\\\/#organization\",\"name\":\"MANIGOO Events\",\"url\":\"https:\\\/\\\/www.manigoo.com\\\/events\\\/\",\"logo\":{\"@type\":\"ImageObject\",\"inLanguage\":\"de\",\"@id\":\"https:\\\/\\\/www.manigoo.com\\\/events\\\/#\\\/schema\\\/logo\\\/image\\\/\",\"url\":\"https:\\\/\\\/www.manigoo.com\\\/events\\\/wp-content\\\/uploads\\\/sites\\\/3\\\/2020\\\/07\\\/Logo_manigoo_2015_quadrat_kl.jpg\",\"contentUrl\":\"https:\\\/\\\/www.manigoo.com\\\/events\\\/wp-content\\\/uploads\\\/sites\\\/3\\\/2020\\\/07\\\/Logo_manigoo_2015_quadrat_kl.jpg\",\"width\":250,\"height\":250,\"caption\":\"MANIGOO Events\"},\"image\":{\"@id\":\"https:\\\/\\\/www.manigoo.com\\\/events\\\/#\\\/schema\\\/logo\\\/image\\\/\"}}]}<\/script>\n<!-- \/ Yoast SEO plugin. -->","yoast_head_json":{"title":"JOBS - manigoo events","description":"Du suchst einen Job als Model, T\u00e4nzer, Host\/ Hostess, Visagist\/in, Stylist\/in, Content Creater, Influencer\/in? Dann melde dich gerne bei uns!","robots":{"index":"index","follow":"follow","max-snippet":"max-snippet:-1","max-image-preview":"max-image-preview:large","max-video-preview":"max-video-preview:-1"},"canonical":"https:\/\/www.manigoo.com\/events\/jobs\/","og_locale":"de_DE","og_type":"article","og_title":"JOBS - manigoo events","og_description":"Du suchst einen Job als Model, T\u00e4nzer, Host\/ Hostess, Visagist\/in, Stylist\/in, Content Creater, Influencer\/in? Dann melde dich gerne bei uns!","og_url":"https:\/\/www.manigoo.com\/events\/jobs\/","og_site_name":"manigoo events","article_modified_time":"2023-01-30T20:18:57+00:00","twitter_card":"summary_large_image","twitter_misc":{"Gesch\u00e4tzte Lesezeit":"3\u00a0Minuten"},"schema":{"@context":"https:\/\/schema.org","@graph":[{"@type":"WebPage","@id":"https:\/\/www.manigoo.com\/events\/jobs\/","url":"https:\/\/www.manigoo.com\/events\/jobs\/","name":"JOBS - manigoo events","isPartOf":{"@id":"https:\/\/www.manigoo.com\/events\/#website"},"datePublished":"2016-06-08T14:21:08+00:00","dateModified":"2023-01-30T20:18:57+00:00","description":"Du suchst einen Job als Model, T\u00e4nzer, Host\/ Hostess, Visagist\/in, Stylist\/in, Content Creater, Influencer\/in? Dann melde dich gerne bei uns!","breadcrumb":{"@id":"https:\/\/www.manigoo.com\/events\/jobs\/#breadcrumb"},"inLanguage":"de","potentialAction":[{"@type":"ReadAction","target":["https:\/\/www.manigoo.com\/events\/jobs\/"]}]},{"@type":"BreadcrumbList","@id":"https:\/\/www.manigoo.com\/events\/jobs\/#breadcrumb","itemListElement":[{"@type":"ListItem","position":1,"name":"Startseite","item":"https:\/\/www.manigoo.com\/events\/"},{"@type":"ListItem","position":2,"name":"JOBS"}]},{"@type":"WebSite","@id":"https:\/\/www.manigoo.com\/events\/#website","url":"https:\/\/www.manigoo.com\/events\/","name":"MANIGOO Events","description":"Events, Fashion Shows &amp; Event Professionals","publisher":{"@id":"https:\/\/www.manigoo.com\/events\/#organization"},"alternateName":"MANIGOO","potentialAction":[{"@type":"SearchAction","target":{"@type":"EntryPoint","urlTemplate":"https:\/\/www.manigoo.com\/events\/?s={search_term_string}"},"query-input":{"@type":"PropertyValueSpecification","valueRequired":true,"valueName":"search_term_string"}}],"inLanguage":"de"},{"@type":"Organization","@id":"https:\/\/www.manigoo.com\/events\/#organization","name":"MANIGOO Events","url":"https:\/\/www.manigoo.com\/events\/","logo":{"@type":"ImageObject","inLanguage":"de","@id":"https:\/\/www.manigoo.com\/events\/#\/schema\/logo\/image\/","url":"https:\/\/www.manigoo.com\/events\/wp-content\/uploads\/sites\/3\/2020\/07\/Logo_manigoo_2015_quadrat_kl.jpg","contentUrl":"https:\/\/www.manigoo.com\/events\/wp-content\/uploads\/sites\/3\/2020\/07\/Logo_manigoo_2015_quadrat_kl.jpg","width":250,"height":250,"caption":"MANIGOO Events"},"image":{"@id":"https:\/\/www.manigoo.com\/events\/#\/schema\/logo\/image\/"}}]}},"_links":{"self":[{"href":"https:\/\/www.manigoo.com\/events\/wp-json\/wp\/v2\/pages\/787","targetHints":{"allow":["GET"]}}],"collection":[{"href":"https:\/\/www.manigoo.com\/events\/wp-json\/wp\/v2\/pages"}],"about":[{"href":"https:\/\/www.manigoo.com\/events\/wp-json\/wp\/v2\/types\/page"}],"author":[{"embeddable":true,"href":"https:\/\/www.manigoo.com\/events\/wp-json\/wp\/v2\/users\/3"}],"replies":[{"embeddable":true,"href":"https:\/\/www.manigoo.com\/events\/wp-json\/wp\/v2\/comments?post=787"}],"version-history":[{"count":39,"href":"https:\/\/www.manigoo.com\/events\/wp-json\/wp\/v2\/pages\/787\/revisions"}],"predecessor-version":[{"id":3876,"href":"https:\/\/www.manigoo.com\/events\/wp-json\/wp\/v2\/pages\/787\/revisions\/3876"}],"wp:attachment":[{"href":"https:\/\/www.manigoo.com\/events\/wp-json\/wp\/v2\/media?parent=787"}],"curies":[{"name":"wp","href":"https:\/\/api.w.org\/{rel}","templated":true}]}}